+ -35/3. Let s(y) be the first derivative of -3/2*y**2 + 2 - 3*y - p*y**3. What is s(-3)?
-3
Let v(h) be the first derivative of -7 - h - 1/3*h**3 + 2*h**2. Determine v(3).
2
Let p(q) = -9*q**3 + q. Let b(j) = j**2 + 4*j - 11. Let y be b(-6). What is p(y)?
-8
Let n(c) = 0*c**3 + 4*c**3 - 10*c**3 + 7*c**3 + 5 - 9*c - 6*c**2. Give n(7).
-9
Suppose 4*i - 1 = 3*i. Let k(c) be the first derivative of -1/2*c**2 + 3*c - i + 1/4*c**4 - c**3. Calculate k(3).
0
Suppose 2*g - 8 = -2. Let x = g - 1. Let n(w) be the third derivative of w**6/120 - w**5/30 + w**4/12 + w**3/6 + 13*w**2. What is n(x)?
5
Let v(g) be the third derivative of -g**6/720 - g**5/40 - g**4/24 + g**2. Let c(n) be the second derivative of v(n). What is c(-5)?
2
Let h(x) = -x + 7. Let j be h(7). Suppose j*p + 9 = -3*p. Let w(q) = 4*q**2 + 3*q - 1. Let f(r) = r**2 + 1. Let y(i) = 3*f(i) - w(i). What is y(p)?
4
Let f(u) = u**2 - 8 - 2 + 9 - 2*u - 1. Determine f(-3).
13
Suppose -m - 14 = -8. Let q(t) = -t**3 - 7*t**2 - 7*t - 1. Give q(m).
5
Let l(o) be the third derivative of -o**7/840 + o**6/120 - o**5/120 - o**4/24 + o**3/2 - 2*o**2. Let u(d) be the first derivative of l(d). Give u(2).
1
Suppose 5*i - 37 = -4*j, 7 = 3*i + j - 11. Let y(u) = i + 0 + 4*u - 3 - 3*u**2 + 4*u**2. What is y(-4)?
2
Let y = 4 - 4. Let p be y + (4/2 - 2). Let c(u) = -u + 4. Determine c(p).
4
Let f(d) = d. Let c(l) = 4*l - 1. Let a be 1*1/1 + 3. Let k(u) = a*c(u) - 18*f(u). Calculate k(-5).
6
Let l(n) = -8*n**2 - 2. Let x(a) = 17*a**2 + 5. Let c(y) = 5*l(y) + 2*x(y). Let z = 7 + -6. Determine c(z).
-6
Let h(n) be the first derivative of n**5/40 - 2*n**3/3 - 1. Let w(c) be the third derivative of h(c). Calculate w(-2).
-6
Let r(l) = l**3 + 6*l**2 + l + 8. Let d be r(-6). Let u(f) = d*f + 0 - 6 + 6. Calculate u(-3).
-6
Let p(s) = 4 + 2 - 7*s - 5. What is p(1)?
-6
Let w(g) = -3*g - 1. Let p = 113 + -106. Determine w(p).
-22
Let r(o) = 3*o + 2. Let l be ((-48)/(-4))/4 - 1. Calculate r(l).
8
Let u(j) = -9 - j - 10 + 17. Let l(s) = -s**3 + 6*s**2 + 5*s + 11. Let f be l(7). Calculate u(f).
1
Let i(o) = o**3 - 5*o**2 + o + 4. Suppose 0*d = -5*d + 20. Let a(n) = n**2 - 2*n - 5. Let g be a(d). Give i(g).
-11
Suppose -3*m = -2*m - 9. Suppose -3*u = -6*u - m. Let y(b) be the third derivative of -b**5/60 - b**4/6 + b**3/6 + 2*b**2. Give y(u).
4
Let o(d) = -7*d**3 - 7*d**2 + d + 3. Let x(w) = -12*w**3 - 14*w**2 + 3*w + 5. Let k(r) = -5*o(r) + 3*x(r). Determine k(-8).
32
Let w(l) be the first derivative of l**3/3 + 3*l**2 + 9*l + 1. Let a(k) = -2*k**2 - 13*k - 19. Let f(z) = -6*a(z) - 13*w(z). What is f(0)?
-3
Let b be 12/(-5) - (-6)/15. Let u = 6 + b. Suppose -8 = u*r - 0. Let d(k) = 4*k - 1. What is d(r)?
-9
Let i(k) = k**3 + 5*k**2 + 3*k**2 - 3 - 2*k**2 + 3*k - 2*k**2. Suppose 2*s + 5*o + 21 = 3*s, -s + 4*o + 17 = 0. Let f = -4 + s. Determine i(f).
-3
Let p(z) be the first derivative of z**4/4 - 2*z**3/3 + z + 1. Let i = 478 - 476. Give p(i).
1
Suppose 3*o = 2*s + 21, 4*o - 17 = 4*s + 19. Suppose 2*q + 12 = 4*q. Let w be (-9)/s*8/q. Let y(n) = -n**2 + n - 1. Calculate y(w).
-3
Let d(m) be the second derivative of -m**5/20 + m**4/4 - m**3/6 + 3*m**2/2 + 9*m. Give d(3).
0
Let d(z) = -3*z - 6. Let n(o) = o**3 + o**2 + 2*o - 4. Let s be n(0). What is d(s)?
6
Let s(r) = -4*r**3 + r**2. Let i be s(-2). Suppose 8 = -4*k - i. Let q = 8 + k. Let d(h) = h + 3. What is d(q)?
0
Let g be 2*5/2 - -2. Suppose 2*d = -g + 1. Let t(y) = -y**2 - 3*y + 2. Calculate t(d).
2
Suppose 3 - 17 = -4*u + 2*w, 2*w + 8 = -2*u. Let x(j) = -2*j. Determine x(u).
-2
Let i(j) = -4*j**3 + 0*j**3 + 5*j**3 + 3*j**2 - 1 - j. Calculate i(-3).
2
Let g be 1*(-3)/6*0. Let n = 1 - g. Let t(m) = -3*m**2 - 1. Determine t(n).
-4
Let v(c) = c + 2. Let p(n) = n**2 + 2*n + 1. Let m be p(-1). Let s be 6 + m*(2 - 1). Determine v(s).
8
Let y = 23 + -19. Let a(d) = d - 2. Determine a(y).
2
Let f = -5 + 7. Let m(s) = 3*s**3 + 8*s**2 - 9*s + 17. Let p(q) = -q**3 - 3*q**2 + 3*q - 6. Let t(g) = 3*m(g) + 8*p(g). Calculate t(f).
5
Let f(y) be the third derivative of 0*y - 1/120*y**5 - 1/6*y**3 + y**2 + 1/6*y**4 + 0. Let t(v) be the first derivative of f(v). Determine t(5).
-1
Let b(r) = -2*r**3 + r**2. Let f be b(1). Let s(a) = 4*a**2 - 2*a - 1. What is s(f)?
5
Let f(h) = -6*h - 4. Let g(y) = -3*y - 2. Let u(c) = 3*f(c) - 5*g(c). Determine u(2).
-8
Let b(v) be the third derivative of v**6/720 + v**5/120 - v**4/24 + v**2. Let h(x) be the second derivative of b(x). What is h(5)?
6
Let t(i) = -i**3 + 2*i**2 - i + 2. Let l be t(2). Let q(n) = -n**2 + n - 3. Calculate q(l).
-3
Let w(q) = q. Let y(j) = -2*j. Let d(c) = -c**2 - 10*c + 3. Let s be d(-11). Let l(k) = s*w(k) - 3*y(k). Calculate l(1).
-2
Suppose 4*f = 3 + 5. Suppose f*w - 12 = t, 0*w - 15 = t - 3*w. Let m(p) = p**2 + 6*p + 4. What is m(t)?
4
Let c(b) be the first derivative of -b**3/3 + b**2/2 + 4*b + 8. Give c(3).
-2
Let x(j) be the second derivative of j**3/6 - j**2/2 + 13*j. Give x(1).
0
Let s = 9 + -3. Suppose -f = -s*f. Let x(o) = -6 + f*o - o + 2*o. Calculate x(6).
0
Let n(z) = 2*z**2 + 1. Let i(m) = 10*m**2 + m + 6. Let c(w) = -2*i(w) + 11*n(w). Suppose -5*q + 4*q = -2. Suppose -7*s + q = -6*s. What is c(s)?
3
Let s(q) = q**2 + 4*q. Let d be s(-5). Let o(t) = -t**3 - t**2 + 3*t - 3. Let g(l) = l**3 - 4*l + 4. Let h(i) = d*o(i) + 4*g(i). What is h(-5)?
6
Let u(b) = 1 - 6 + 4 - 16*b. Calculate u(1).
-17
Let y be (7 - 5)*(-3)/(-2). Suppose 0 = -5*a - 7*k + 3*k + 22, -3*a + 15 = y*k. Let o(d) = 3*d - 3. Give o(a).
3
Let p(o) = -7*o**3 + o**2 + o + 1. Let r be (1 - (-5)/4)*8. Suppose 5*x = 2*c - r, -5*x = 4*c + 18 + 6. Determine p(c).
8
Let q(z) = 3*z - 6. Let a(d) be the third derivative of -d**6/120 + d**5/60 + d**4/24 - d**3/3 - d**2. Let l be a(-2). Let m = -4 + l. Calculate q(m).
6
Let k(f) = -9*f - 6. Let t(d) = 5*d + 3. Let v(q) = -4*k(q) - 7*t(q). Calculate v(6).
9
Let v(k) = 5*k**2 + 1 - 2 + 75*k**3 - 76*k**3. Give v(2).
11
Let h(s) be the first derivative of 5*s**3/3 - 3*s**2/2 - 4*s + 4. Let n(l) = -6*l**2 + 3*l + 5. Let r(d) = 5*h(d) + 4*n(d). Give r(4).
4
Let p = -34/5 - -83/10. Let r(j) be the first derivative of -1/3*j**3 - 1 + p*j**2 - 3*j. Give r(2).
-1
Let h(q) = -q - 1. Let u be h(-6). Let k(z) = -z - 6 - 2 + u. Calculate k(-5).
2
Let j = 36 - 25. Let p = -10 + j. Let s(w) = -4*w. What is s(p)?
-4
Let b(y) = y + 2. Let m = 3 + 8. Let w = -5 + m. Give b(w).
8
Let o(i) be the first derivative of -i**4/4 - i**2/2 - 9*i + 16. What is o(0)?
-9
Let s(p) be the third derivative of p**6/720 + p**5/60 + p**4/6 - 5*p**2. Let n(t) be the second derivative of s(t). Let o = 1 + -5. Calculate n(o).
-2
Let j(c) = -c**3 + 4*c**2 - 2*c + 3. Let o = 13 - 8. Let b(s) = -s + 8. Let d be b(o). Let k be (-4)/d*(-21)/7. Calculate j(k).
-5
Let p(o) = -42*o**2 + 3*o - 3 - 46*o**2 + 89*o**2. Calculate p(-4).
1
Let w(i) = -i**2 - i + 1. Let f(b) = 5*b**2 + 15*b - 8. Let p(u) = -f(u) - 6*w(u). Let j(g) be the first derivative of p(g). Calculate j(6).
3
Let n(k) be the second derivative of -k**4/12 - 4*k**3/3 - 4*k**2 - 67*k. What is n(-5)?
7
Let x be (20/2)/(-3 + 5). Let w(f) = 6*f**2 - 2*f + 4. Let t(d) = 5*d**2 - 2*d + 3. Let k(m) = x*t(m) - 4*w(m). Let z be ((4*2)/(-2))/(-2). Determine k(z).
-1
Suppose -4*y = -8*y. Let t(d) be the third derivative of -d**3 + 1/12*d**4 + y + 0*d + 4*d**2. Give t(5).
4
Let v(m) = -2*m**2 + 5*m + 3. Let l be (-54)/4*(-8)/12. Let a = -5 + l. Give v(a).
-9
Let y be 1 + (-1 - -2) + 1. Let q(v) = y*v - 1 + 0*v + v**2 - v. Let x = -12 - -8. Calculate q(x).
7
Let o(q) be the first derivative of q**3/3 + q**2 - 5*q - 3. Let c be o(-4). Let n(y) = y**3 - 5*y**2 + 4*y - 4. Determine n(c).
-10
Let z = -17 - -11. Let p(d) = -d**2 - 4*d - 1. Give p(z).
-13
Let n(g) = -2*g**2 + 4*g - 2. Let v(z) = -2*z + 0*z + 2*z**3 - 6*z**2 - 3*z**3 - 4. Let o be v(-6). Suppose -5*p + p + o = 0. Give n(p).
-2
Let t(u) = u**2 + 7*u + 12. Let k be t(-6). Let j(m) = 0 + 1 - m**2 - 3 - 6 - k*m. Determine j(-6).
-8
Let i(z) = z**3 - z**2 + z. Let h(o) = -2*o**3 + 7*o**2 + 3. Let b(j) = -h(j) - 4*i(j). What is b(-2)?
9
Let v be 40/22 + 14/77. Let b(j) = 2*j**v + 0 + 0 + 3*j - 2*j. Let y(s) = s + 6. Let n be y(-8). What is b(n)?
6
Suppose 2*m - 2*w - 16 = 0, 6*m = 2*m - 2*w + 8. Let d(g) = 3*g. Give d(m).
12
Let i(t) = 3*t + 5*t + 4